divisor of 256 and 25856.
256
Calculate the highest common factor of 90 and 255.
15
What is the highest common factor of 637 and 39?
13
Calculate the greatest common divisor of 77 and 418.
11
What is the greatest common divisor of 870 and 29?
29
What is the highest common factor of 120 and 600?
120
Calculate the greatest common factor of 24 and 108.
12
What is the greatest common factor of 72 and 306?
18
Calculate the highest common divisor of 462 and 330.
66
What is the greatest common divisor of 896 and 6048?
224
What is the greatest common divisor of 108 and 228?
12
Calculate the greatest common divisor of 2640 and 165.
165
What is the highest common factor of 4917 and 33?
33
What is the greatest common divisor of 10094 and 515?
103
What is the greatest common factor of 325 and 130?
65
Calculate the greatest common factor of 33 and 59862.
33
Calculate the highest common factor of 50 and 750.
50
What is the highest common factor of 19677 and 21?
21
What is the greatest common divisor of 128 and 24?
8
Calculate the greatest common factor of 198 and 33.
33
Calculate the highest common factor of 342 and 76.
38
What is the greatest common divisor of 94 and 47?
47
What is the greatest common divisor of 56 and 13062?
14
What is the greatest common divisor of 2670 and 75?
15
Calculate the greatest common divisor of 5295 and 30.
15
What is the highest common factor of 4131 and 17?
17
Calculate the greatest common factor of 136 and 57256.
136
What is the greatest common divisor of 258 and 1290?
258
What is the greatest common factor of 494 and 52?
26
Calculate the greatest common divisor of 301 and 172.
43
Calculate the greatest common factor of 234 and 8346.
78
What is the greatest common divisor of 3 and 141?
3
What is the greatest common divisor of 268 and 67?
67
What is the greatest common divisor of 304 and 128?
16
What is the greatest common divisor of 40 and 100?
20
What is the greatest common divisor of 15 and 24525?
15
What is the highest common divisor of 36 and 1044?
36
What is the greatest common factor of 48 and 6576?
48
Calculate the greatest common divisor of 20 and 6140.
20
Calculate the highest common factor of 646 and 51.
17
Calculate the highest common factor of 4 and 19.
1
What is the highest common factor of 63 and 105?
21
What is the highest common factor of 375 and 45?
15
Calculate the greatest common divisor of 1960 and 3500.
140
Calculate the greatest common divisor of 99 and 120483.
99
What is the highest common factor of 224 and 154?
14
Calculate the greatest common factor of 276 and 45.
3
Calculate the highest common factor of 906 and 192.
6
What is the greatest common factor of 30 and 1470?
30
What is the greatest common divisor of 375 and 15?
15
Calculate the greatest common divisor of 79 and 1.
1
What is the greatest common divisor of 1133 and 66?
11
Calculate the greatest common divisor of 205 and 451.
41
Calculate the highest common factor of 888 and 576.
24
Calculate the greatest common factor of 5350 and 1926.
214
Calculate the highest common divisor of 36480 and 120.
120
What is the greatest common divisor of 221 and 34?
17
Calculate the highest common factor of 2505 and 15.
15
Calculate the highest common factor of 7696 and 24.
8
Calculate the greatest common divisor of 21 and 861.
21
What is the greatest common factor of 119 and 147?
7
Calculate the highest common factor of 384 and 264.
24
What is the highest common divisor of 68 and 12002?
34
Calculate the greatest common divisor of 90 and 1070.
10
What is the greatest common divisor of 18 and 1053?
9
What is the greatest common factor of 1284 and 24?
12
What is the greatest common factor of 120 and 330?
30
What is the highest common divisor of 2 and 1018?
2
Calculate the highest common factor of 28 and 644.
28
What is the highest common divisor of 120 and 8655?
15
Calculate the greatest common divisor of 1829 and 186.
31
What is the greatest common divisor of 78 and 2561?
13
What is the highest common divisor of 632 and 32?
8
What is the greatest common factor of 385 and 539?
77
What is the highest common divisor of 1080 and 90?
90
What is the highest common factor of 3828 and 12?
12
Calculate the highest common factor of 473 and 731.
43
Calculate the highest common factor of 186 and 750.
6
Calculate the greatest common factor of 2096 and 32.
16
What is the greatest common divisor of 53 and 477?
53
What is the greatest common factor of 58 and 986?
58
Calculate the greatest common divisor of 444 and 1092.
12
Calculate the greatest common divisor of 637 and 546.
91
Calculate the greatest common divisor of 108 and 6.
6
What is the greatest common factor of 5 and 3455?
5
What is the greatest common factor of 5372 and 204?
68
Calculate the highest common divisor of 28 and 84.
28
What is the greatest common divisor of 8 and 2?
2
What is the highest common divisor of 15 and 51?
3
Calculate the greatest common factor of 495 and 55.
55
Calculate the greatest common divisor of 6 and 9.
3
Calculate the greatest common factor of 66 and 12.
6
Calculate the greatest common factor of 517 and 4042.
47
Calculate the greatest common factor of 9723 and 21.
21
Calculate the highest common factor of 378 and 270.
54
Calculate the highest common factor of 27 and 12339.
27
What is the highest common divisor of 3024 and 126?
126
What is the greatest common factor of 26 and 1066?
26
Calculate the greatest common divisor of 1168 and 1314.
146
What is the greatest common factor of 10057 and 89?
89
Calculate the greatest common factor of 28 and 175.
7
What is the highest common divisor of 312 and 4966?
26
Calculate the highest common divisor of 217 and 124.
31
What is the greatest common factor of 614 and 12?
2
What is the highest common factor of 74 and 703?
37
What is the greatest common factor of 91 and 115843?
91
Calculate the greatest common divisor of 30 and 486.
6
Calculate the greatest common divisor of 60 and 13680.
60
Calculate the highest common factor of 104 and 676.
52
What is the greatest common divisor of 150 and 78?
6
What is the greatest common factor of 10880 and 510?
170
What is the highest common divisor of 48 and 15924?
12
Calculate the highest common factor of 361 and 152.
19
Calculate the highest common factor of 8590 and 20.
10
What is the greatest common factor of 81 and 891?
81
What is the greatest common factor of 72 and 5112?
72
What is the greatest common factor of 2064 and 129?
129
What is the greatest common divisor of 32 and 1096?
8
Calculate the greatest common factor of 18 and 2778.
6
What is the highest common factor of 252 and 3906?
126
What is the highest common factor of 35 and 375?
5
What is the highest common factor of 4 and 4?
4
What is the greatest common factor of 5896 and 11?
11
Calculate the greatest common factor of 54 and 198.
18
Calculate the greatest common divisor of 63 and 279.
9
What is the highest common divisor of 13 and 28093?
13
What is the highest common factor of 49 and 833?
49
What is the highest common factor of 1652 and 28?
28
Calculate the highest common divisor of 21 and 231.
21
Calculate the greatest common factor of 1554 and 2886.
222
What is the highest common divisor of 286 and 208?
26
Calculate the highest common divisor of 14 and 5712.
14
What is the highest common factor of 435 and 696?
87
Calculate the highest common divisor of 78 and 12.
6
What is the highest common divisor of 3945 and 15?
15
Calculate the highest common divisor of 66 and 35706.
66
What is the greatest common factor of 93 and 47151?
93
Calculate the greatest common factor of 750 and 6.
6
What is the highest common divisor of 18 and 2358?
18
What is the greatest common divisor of 1053 and 648?
81
Calculate the highest common divisor of 168 and 2884.
28
What is the greatest common factor of 93 and 62?
31
Calculate the highest common divisor of 40185 and 235.
235
What is the greatest common divisor of 754 and 4756?
58
What is the highest common factor of 1326 and 234?
78
Calculate the greatest common factor of 670 and 10.
10
Calculate the greatest common factor of 98 and 196.
98
What is the greatest common divisor of 136 and 152?
8
Calculate the highest common factor of 1 and 16.
1
What is the greatest common factor of 189 and 28?
7
What is the highe